et f(a) = -a**2 - 3*a + 3. Let k be f(-3). Let r be 11 - (4 + 2 + -3). Suppose 4*b - r = -0*b. What is the highest common factor of k and b?
1
Suppose 0 = -0*u + 4*u - 32. Let x = u - 4. Suppose 21*b - 13 - 155 = 0. What is the highest common divisor of b and x?
4
Let o = -1041 + 1294. What is the highest common divisor of o and 46?
23
Let b(y) = y**3 + 13*y**2 - 4*y - 6. Suppose 2*s + 4 + 18 = 0. Let u be b(s). Calculate the greatest common factor of u and 35.
35
Suppose 0*w = 3*w - 252. Suppose j + 3*j - w = 0. Calculate the highest common divisor of j and 105.
21
Let j(y) be the second derivative of y**3 + 2*y**2 + 4*y. Let t be j(2). Let a = 38 - 22. What is the greatest common factor of t and a?
16
Let c be 2/(1 + (-26)/30). Let r(s) = s - 5. Let q be r(7). Suppose -q*w + 12 = 2. What is the greatest common divisor of w and c?
5
Suppose 8*u - 7*u - 3*u = 0. Suppose -y - y + 16 = -4*h, -y - h - 1 = u. What is the greatest common factor of 5 and y?
1
Let h = 8 - 5. Suppose -2*g + 61 = -f, -86 - 66 = -5*g + h*f. Calculate the greatest common divisor of 93 and g.
31
Suppose w = -w + 200. Suppose 0 = 3*l - 5*l + 82. Let g be (-10)/20 - l/(-2). Calculate the highest common factor of g and w.
20
Suppose -895 = -6*q + 29. Calculate the highest common factor of 11 and q.
11
Let k = -892 - -1022. Suppose -l = -4*o + 12 - 2, -2*l + 35 = 3*o. Calculate the greatest common factor of k and l.
10
Let b = 3 - -3. Suppose 60 = -2*h + b*h. Let n be (-15)/(2*(-6)/8). Calculate the greatest common divisor of n and h.
5
Let t(z) = 4*z - 7 + 2 - 9*z. Suppose 6 = 3*v - 3, 2*v = -4*n - 22. Let u be t(n). Calculate the greatest common factor of u and 150.
30
Let w be (1 + (-2)/(-10))/(318/2120). What is the highest common factor of w and 32?
8
Let l(j) = -j**3 - 7*j**2 + 8*j - 1. Let t be l(-8). Let o be (26 + 2)/(2 + t). Let q = -3 - -7. What is the highest common divisor of q and o?
4
Suppose 35 + 69 = 13*y. Suppose 0 = 3*r - 0*r - 24. Calculate the greatest common divisor of y and r.
8
Let u = -15 - -5. Let d(s) = -s**3 - 10*s**2 + 8. Let v be d(u). Suppose -5*o + z + 326 = 3*z, -o + 4*z = -52. Calculate the greatest common factor of o and v.
8
Let z be 765/72 - 3/(-8). Let g(s) = s**2 + s - 1. Let y be g(1). What is the greatest common factor of z and y?
1
Let t be (15/(-5))/(((-3)/1)/15). Suppose 3*p - h - 48 = 0, -2*h = 3*h + t. Calculate the highest common divisor of p and 135.
15
Suppose 47*v = 42834 + 37583. What is the greatest common divisor of 59 and v?
59
Let n = 1 + 10. Suppose -48*i = -53*i + 50. Let x be (-67 - i)*2/(-2). Calculate the highest common factor of x and n.
11
Let t(x) = -x**3 + 2*x - 1. Let s be (-84)/(-70) + 2/(-10). Let k be t(s). Suppose -6 = -g - k. What is the greatest common factor of g and 30?
6
Suppose 6*g - 11*g + c = -146, 4*g + c - 124 = 0. Calculate the highest common divisor of 290 and g.
10
Suppose j = 5*u - 2, 1 = 3*j + 4*u - 69. Calculate the highest common divisor of 603 and j.
9
Let x be ((-2)/(-4))/(2/84). Let y be (24/16 - (1 + 1))*-8. Let b be 4*y/48*x. Calculate the highest common divisor of b and 7.
7
Suppose t - 10 = 3*z, 2*t - 10 = -2*z - 2*z. Let k = t + 5. Suppose -4*p = -p - k. What is the highest common divisor of 4 and p?
4
Suppose 3*z = 9 + 6. Suppose 5 = j, 0 = -3*r - z*j + 43 + 45. Suppose -i + r = 2*i. Calculate the greatest common factor of 14 and i.
7
Suppose 2*h - 1920 = -10*h. What is the greatest common factor of 96 and h?
32
Suppose -6*x + 227 = 191. Suppose 3*o + 2*a = -a, 0 = -2*o + a + 9. Calculate the highest common divisor of x and o.
3
Suppose 2*b - 123 = 493. Suppose 11*s - 9*s = b. Let f(c) = 2*c**2 - 7*c - 1. Let i be f(5). Calculate the highest common divisor of s and i.
14
Let y(h) = 4*h + 14. Let n be y(4). Let m be (-961)/(-4) + (-27)/108. What is the greatest common divisor of n and m?
30
Let n(l) = -6*l**2 + 1. Let k(v) = -v**2 - 8*v - 3. Let d be k(-8). Let y be n(d). Let f = y + 74. Calculate the highest common factor of 3 and f.
3
Let z = -320 + 360. Calculate the greatest common factor of z and 140.
20
Let x(s) = s**2 + s - 24. Let w be x(10). Suppose w = 4*a - 178. Calculate the highest common divisor of 6 and a.
6
Let n(r) = -r**3 + 2*r**2 + 26*r + 20. Let j be n(-5). What is the greatest common divisor of j and 5?
5
Let m = -60 + 159. Let i = -87 + m. What is the greatest common factor of 8 and i?
4
Suppose 0 = 3*i + 5*f - 18, 4*i + 6*f = f + 29. Let h = -2 + i. Calculate the greatest common factor of 18 and h.
9
Let h = -385 + 479. What is the greatest common divisor of 1222 and h?
94
Suppose -59*b + 294 = -10*b. What is the greatest common factor of b and 38?
2
Let k be (135/(-6))/(3/4). Let u(j) = 7*j**2 + 5*j + 2. Let n be u(-3). Let m = n + k. Calculate the greatest common factor of 4 and m.
4
Let a = -66 + 38. Let v = a + 52. Calculate the greatest common divisor of v and 3.
3
Let n(w) = 14*w**2 - 8*w + 10. Let c be n(2). Let y be -21 - (0 + 2 + -1). Let m = y + c. What is the greatest common divisor of m and 7?
7
Let w(c) = -c**3 + 4*c**2 - 2*c + 4. Let a be w(4). Let v(g) = -g**2 - 7*g - 6. Let y be v(a). What is the highest common factor of y and 10?
2
Suppose -32*y = -27*y - 30. Suppose 4*a - y*a = -4*i - 632, -3*a = -i - 938. Calculate the highest common divisor of 39 and a.
39
Let d be 2 + -5 + (15 - -6). Let t be (-2 - (-5 + 1)) + -3. Let u = 11 - t. Calculate the highest common factor of d and u.
6
Let s = -730 - -1155. Suppose 3*f - 8*f = -s. What is the highest common factor of 34 and f?
17
Let j = -543 + -133. Let y be j/(3 + -7) + -4. Suppose 5*r - 17 - 58 = 0. Calculate the greatest common divisor of r and y.
15
Suppose 5*j + 5*g - 4*g - 206 = 0, 50 = j - 2*g. Suppose -8 = -43*d + j*d. Calculate the greatest common factor of 40 and d.
8
Let b(p) = 14*p - 564. Let i be b(42). Suppose w - 36 = -2*w. Calculate the highest common divisor of i and w.
12
Let q = -18 - -28. Suppose 3*t - 1 = -q, 3*t = -3*x + 144. Suppose 0 = 3*w + 8 - 59. What is the highest common factor of x and w?
17
Suppose 3*w - 20*w = -1122. Calculate the greatest common factor of 165 and w.
33
Let o = 29 - 25. Suppose o = 3*k - 5. Suppose k*m - 3*t + 46 = 136, 0 = -t. Calculate the highest common divisor of 10 and m.
10
Let r = 575 + -536. What is the greatest common factor of r and 12?
3
Let j(a) be the third derivative of 19*a**4/24 - a**3/6 + 7*a**2. Let g be j(3). Suppose 3*x + g = 728. Calculate the highest common factor of 28 and x.
28
Let h be (6 + 270/(-6))/((-9)/6). Calculate the highest common factor of 2 and h.
2
Let i be (-2 + 8)/(3/8). Calculate the greatest common divisor of i and 272.
16
Suppose -s + 50 = 3*q, -5*s + 6*s - 14 = -q. What is the highest common divisor of q and 594?
18
Let l = -65 + 90. Let c(u) = -u. Let d(g) = -55*g + 2. Let r(a) = -6*c(a) + d(a). Let n be r(-2). Calculate the greatest common divisor of n and l.
25
Suppose 30326 - 30782 = -4*p. Let o(u) = u**2 + 3*u - 12. Let h be o(8). What is the highest common factor of h and p?
38
Suppose -b - b + 2 = 5*m, 3*m = 5*b - 36. Let l(r) = 5 + 1 + 0 + r**2 + 0 - 3*r. Let f be l(b). What is the greatest common factor of 72 and f?
24
Let a(u) = 9*u - 281. Let x be a(35). Let v = -19 + 53. What is the greatest common divisor of x and v?
34
Suppose -r = k - 6, -5*k = -4*k - 5*r. Let o be (-2)/5*15 + (22 - 1). What is the highest common factor of o and k?
5
Let y = -14 - -25. Let q(m) = -m**3 - 3*m**2 - m + 6. Let z be q(-3). Let r = y - z. What is the greatest common factor of 14 and r?
2
Let d = 118 + -48. Let h = d + -52. What is the greatest common factor of h and 90?
18
Let s be ((-8)/6)/((-5)/(360/32)). What is the highest common divisor of 12 and s?
3
Let j be 1400/44 - (-2)/11. Suppose -3*k - 83 = u - 3*u, 4*u = -2*k + 158. Suppose n + u = 6*n. Calculate the highest common divisor of j and n.
8
Let u be (-5)/(-10)*1*6. Suppose 14 = -z - 0*z - q, 5*z = -u*q - 70. Let a be 103/7 + (-4)/z. What is the greatest common factor of a and 75?
15
Let b(c) = -11*c + 5. Let u be b(-5). Let a(m) = 6*m - m**3 - 13*m + 6 - 2 + 8*m**2. Let w be a(4). Calculate the highest common factor of u and w.
20
Suppose -3*h = -m + 12, -6*h = 5*m - 3*h + 12. Suppose 2*s = 3*o + 31, -2 + m = -2*o. Calculate the highest common facto